6). Let t(i) = -i + 2. Calculate t(p).
7
Let o(b) = -b**2 - 2*b. Suppose 0 = v + 7 + 1. Let u be 3/(2/(v/(-6))). Let j = u - 3. Give o(j).
1
Let n(z) = 7*z**3 + 4*z**2 - 5*z - 13. Let p(i) = 4*i**3 + 2*i**2 - 3*i - 7. Let h(x) = -3*n(x) + 5*p(x). Determine h(-3).
13
Suppose 68 = 4*w - 80. Let h = w + -26. Let j = 7 - h. Let o(p) = p**3 + 4*p**2 + p - 1. What is o(j)?
-5
Suppose 5*t - 5*q - 40 = 0, -3*t - 5*q - 11 = -3. Let c = 6 - t. Let k(h) = 2 - h**2 + h**2 - 4*h - h**c. What is k(-5)?
-3
Let o be -1*(1 - -1) + 5. Let a(m) = -8 - o*m - 4*m + 5*m + 3. Let x(f) = -f - 1. Let c(v) = a(v) - 3*x(v). Determine c(-2).
-4
Let p(z) = 5 - 3 + 21*z - 23*z. Give p(-2).
6
Suppose -3*q = q. Let y(u) = -2*u + 5 + u + q*u. What is y(5)?
0
Let o(g) = 0 - 3*g**2 + g**2 + 1. Let r = -6 - -7. Determine o(r).
-1
Let o(g) = 11*g**2 - g. Let m be 3*-1 + (-1 - -5). What is o(m)?
10
Let i(a) = -a**3 + 1. Let w(x) = -4*x - 5*x**2 + 2*x**2 - 1 + 2*x**2. Let h be w(-3). Let m be h/4*(1 - 1). What is i(m)?
1
Let t(x) = 2*x**2 + 6*x + 0*x - 3*x**2. Let v be (-63)/(-6) + (-1)/(-2). Suppose -5*u + v + 14 = 0. Calculate t(u).
5
Let s(a) = -4*a**2 - 6*a**3 + 0 + 3*a**2 - 1 - 2*a. Let l = -26 - -25. What is s(l)?
6
Let y(p) = 6*p**2 - 46*p - 36. Let i(j) = j**2 - 9*j - 7. Let n(x) = 16*i(x) - 3*y(x). Give n(-4).
-12
Let z(x) = -5*x**3 - x. Let r(m) = -5 - 2*m - 4*m**2 - 2*m - 1 + m**3. Let i be r(5). Determine z(i).
6
Let h(y) = 7*y - 9. Let b be h(-5). Let t be (55/b)/(2/(-8)). Let c(q) = -8 + 0*q**2 + q**2 - 4*q + 1. Determine c(t).
-2
Let j(a) = 5 + 2*a - 5 - 3 + 5. Determine j(-5).
-8
Suppose -3*r - 4 = 5*d, -r + 5*d + 1 - 9 = 0. Let y(o) = o**2 + 2*o + 4. What is y(r)?
7
Let q be 0/(-2) + (-2 - -4). Let d(l) = -6*l**2 + 13*l**2 - 4*l - q - 6*l**2. Give d(3).
-5
Let h(k) = -2*k**2 - 1 - 6 + 6 + 0. Determine h(-2).
-9
Let z = 8 - 6. Suppose -i = -z*x + 1, -3*i + 6*i = x + 7. Let v be 8/(-2 + 0) + x. Let d(u) = u**3 + 2*u**2 + 2*u - 1. Calculate d(v).
-5
Let y(h) = -2*h + 6. Let q = 18 + -24. Give y(q).
18
Let z(t) = t**3 - 15 - 2*t - 3*t - 5*t**2 + 13 - 2*t**3. Calculate z(-3).
-5
Let b(o) = -o + 11. Suppose 0 = 2*s, -3*s + 0*s = 4*j. Determine b(j).
11
Let p(j) = j + 10. Let r(u) = u**3 + 7*u**2 - 6*u + 4. Let v be r(-8). Let g be p(v). Let w(q) = -q + 2. What is w(g)?
4
Let j(b) be the third derivative of b**6/120 - b**5/60 + b**4/24 + b**3 + 5*b**2. Determine j(0).
6
Suppose -8 = 4*t - 2*t. Let x be (6/t)/(9/24). Let y(f) = -8*f**2 + f + 9. Let s(c) = c**2 - c - 1. Let g(q) = 6*s(q) + y(q). Determine g(x).
-9
Let q(o) = o**2 + 7*o + 2. Let h(k) = 3*k**2 + 22*k + 7. Let g = -4 + 6. Let b(p) = g*h(p) - 7*q(p). Give b(-4).
4
Let r(k) be the first derivative of -k**7/840 - k**6/360 - k**5/120 - 11*k**4/24 + 2*k**3/3 - 1. Let q(b) be the third derivative of r(b). Determine q(0).
-11
Let n(p) = 3*p + 6. Let i(j) = 3*j + 6. Let b be i(-7). Let z = 10 + b. Give n(z).
-9
Let m be 15/(-4) + (-3)/12. Let o(b) = -b**3 + b**2. Let n(t) = t**3 - 6*t**2 + 2. Let q(g) = n(g) + 2*o(g). Give q(m).
2
Let h(x) be the second derivative of -x**5/60 - x**4/24 + 2*x**3/3 + 3*x**2/2 - 2*x. Let w(m) be the first derivative of h(m). Determine w(0).
4
Let x(u) = -u**2 + 1. Let c = 6 + -4. Suppose 5*g + 4*t = 2*t - c, -2*g = 5*t + 5. Suppose 2*n - 1 + 5 = g. Calculate x(n).
-3
Let t(r) = -2*r - 5. Let z(h) = -h - 4. Let w(n) = -2*t(n) + 3*z(n). Let o be w(6). Let s(m) = 4*m**2 + m - 2*m**3 + m**3 + m. Calculate s(o).
8
Let t(a) be the first derivative of -a**4/24 + 5*a**3/6 + 3*a**2 + 7. Let j(f) be the second derivative of t(f). Give j(4).
1
Let b(x) = x**2 + 2*x + 3. Let p(f) = 4*f**3 - 2*f**2 + 1. Let a be p(1). Let w = 10 + -8. Suppose a*z + w*z = -15. What is b(z)?
6
Let j be (-1 - 3/(-1)) + 0. Let y(r) = 2*r**2 - 3*r + 3. Let o be y(j). Let u(p) = -p**3 + 6*p**2 - 4*p + 2. What is u(o)?
7
Let o(h) be the second derivative of 1/2*h**3 - 3/2*h**2 - 2*h + 0. Suppose 3*i = q - 15, 4*i + 1 = -15. What is o(q)?
6
Let o(d) = d**2 - d + 2. Let n be (-1 - -1)/(1 + 0). What is o(n)?
2
Let p(a) = -26*a + 3*a**3 - 1 + 15*a - 2*a**3 + 10*a. Suppose 8 + 2 = 5*h. Give p(h).
5
Let y(i) = -5*i + 1. Let v(j) = 2. Let x(a) = 4*v(a) - y(a). Determine x(5).
32
Let s(f) be the second derivative of -f**4/12 - f**3/2 + 3*f**2/2 - 4*f. Let l(k) be the first derivative of s(k). Determine l(-5).
7
Suppose 82 = 4*m - 6. Let j be m/6 + 4/(-6). Let a(i) be the third derivative of i**4/12 - i**3/3 - 2*i**2. Calculate a(j).
4
Let b(c) = c**2 - 1. Let f(g) = 5*g**2 - 4*g - 3. Let v(i) = -3*b(i) + f(i). Determine v(3).
6
Let q(g) = g**2 + 3*g + 3. Let f be (4/(-6))/(10/(-15)). Suppose -3 = x - f. Let w be q(x). Let c(h) = -4*h**3 - h**2 + h. What is c(w)?
-4
Let i(y) be the third derivative of y**5/60 + y**4/4 - y**3/6 + 25*y**2. What is i(-7)?
6
Let c(j) be the second derivative of -j**6/240 - j**5/120 + j**4/12 - j. Let q(u) be the third derivative of c(u). What is q(-1)?
2
Let v(r) = r**2 + 8*r + 3. Let x(t) be the second derivative of -t**5/20 + t**4/12 + t**3/6 - 2*t**2 - 7*t. Let n be x(2). What is v(n)?
-9
Let t(p) = -p**3 - 3*p**2 + 4*p + 1. Let i be t(-4). Suppose 0 = -3*l + i + 2. Let n(w) = 0 + 0 - w + l. Give n(-3).
4
Suppose 0 = -5*q - 5*c - 10, 3*q - 6 - 13 = 2*c. Let d(p) = -3*p. Calculate d(q).
-9
Let l = 10 - 6. Let b(f) = -1 - 3 + 2*f - 1. Calculate b(l).
3
Let q(o) = 2*o - 2. Suppose -3*m + 7 = -2. Suppose 6 = x - m*x. What is q(x)?
-8
Let i = -9 + 12. Let j(r) = -r**3 + 4*r**2 - 2*r + 2. Determine j(i).
5
Suppose 0 = -15*f + 14 + 121. Let c(d) = -d**3 + 8*d**2 + 10*d + 6. Calculate c(f).
15
Let y(k) = 23*k - 21. Let p(f) = -8*f + 7. Let d(g) = 8*p(g) + 3*y(g). Let b(h) = 9*h - 13. Let i(s) = 6*b(s) - 11*d(s). What is i(-2)?
1
Suppose s + 4*x = 13, s - 22 = -s - 4*x. Let k(c) = c - 7. Determine k(s).
2
Suppose -m + 2*j - 4 = -j, m + 4 = j. Let q = m + 6. Let h(g) = -6*g**2 + 3*g + 4. Let y(z) = 6*z**2 - 2*z - 3. Let d(l) = q*h(l) + 3*y(l). Give d(1).
5
Suppose o - 4*o + 6 = 0. Suppose o*l + 2*p + 1 + 5 = 0, -3*p - 15 = 0. Let u(a) = 2*a - 2. What is u(l)?
2
Let n(q) = q + 3. Suppose -9*a + 7*a - 10 = 0. What is n(a)?
-2
Let b(s) = -s**2 - 3*s + 2. Let g be 2/9 + 276/(-27). Let d = g + 6. Let k be b(d). Let i(r) = -r**2 - 6*r - 3. Give i(k).
5
Let q(o) = o**2 + 3*o - 7. Let d = 0 + -5. Determine q(d).
3
Let j be -12*(4 + 44/(-12)). Let l(q) = -q**3 - 3*q**2 + 5*q + 5. Let x be l(j). Let p(m) = 9*m**3 - m**2. Calculate p(x).
8
Let u = 0 - 0. Suppose 4*q - 14 = r, u = 3*q - 7*r + 3*r - 4. Suppose 23 = -3*t - 4*d, -q*t - 7 = -5*d + 3. Let v(m) = m**3 + 5*m**2 + 3*m + 7. What is v(t)?
-8
Let a(q) = -q**3 + q**2 - q - 14. Let r(n) = n**3 + 15*n**2 - 15*n + 16. Let i be r(-16). What is a(i)?
-14
Let n(s) = -3*s - 10. Let h(w) = 2*w + 5. Let x(t) = 7*h(t) + 4*n(t). Let b = 15 - 9. Determine x(b).
7
Let c(r) = -r**2 - 2*r - 2. Let s(u) = -u - 3. Let g be s(-3). Suppose -5*i = -5, 10 = -g*t - 3*t + i. Let y be 1/((-2)/t - 1). What is c(y)?
-5
Suppose -4*p = -2*b + 6, -2*p = 3*b - 2*b + 17. Let s(d) = d - 1. Calculate s(b).
-8
Let y(v) be the second derivative of -v**8/6720 - v**7/1260 + v**6/240 - v**4/6 - 7*v. Let d(z) be the third derivative of y(z). Determine d(-3).
0
Suppose k - 18 = -2*k. Let z(n) = -n**2 + n + 1. Let u(b) = 5*b**2 - b - 3. Let h(f) = -u(f) - 6*z(f). What is h(k)?
3
Let u(x) = -x - 1. Suppose o + 2*m + 8 = 2*o, o - 4*m = 2. Suppose 2*a - 21 = l, -a = -4*l - 0*l - o. Let p be a/4*(6 - 4). Determine u(p).
-6
Let b = 7 + -4. Suppose 2*x + l - 25 = 4*l, 4*x - b*l = 35. Let n(q) = x*q - q**2 - 3 + 7 - 9*q. Determine n(-4).
4
Let j(t) be the second derivative of 11*t**4/6 + t**3/3 + t**2/2 - 12*t. Give j(-1).
21
Let i(g) = g**2 - 4*g - 7. Let h(c) = c + 2. Let o(v) = -7*h(v) - 2*i(v). Give o(3).
-15
Let a(w) = -w**2 + 3*w. Let h(q) be the third derivative of -q**5/30 + q**4/6 + q**2. Let l(x) = -3*a(x) + 2*h(x). What is l(0)?
0
Let r be (-1 + (-6)/(-10))*(-6 + -4). Let n(u) = u**2 - 5*u - 3. What is n(r)?
-7
Let s(d) = -85*d - 83*d + 169*d. Give s(3).
3
Let f = 18 + -12. Suppose -f*s - 3 = -s - 4*q, -2*s = q - 4. Let x(b) = -3*b + 0*b + s + 2*b. Determine x(4).
-3
Let a be 1 + -3 - (1 - 8). Let v = a - 3. Let y(r) = -4 - 3*r**2 + r**3 + 0*r**2 - r + 2. Calculate y(v).
-8
Suppose -9*p + 8*p + 7 =